he first derivative of -g**3/3 + g + 25. Suppose 21*d - 64 = -1. Determine w(d).
-8
Let a(c) = -5*c**2 + 1. Let s(f) = -f**3 - 3*f**2 - f + 1. Let t be s(-2). Let y be (-18)/(-4)*((-64)/4)/(-8). Let n be 3 + y/(-3) - t. What is a(n)?
-4
Let a = -25 - -27. Let t(v) = 4*v**2 - 2*v + 4*v - 2 + 1 + a*v**3. What is t(-2)?
-5
Let t(j) = 10*j**2 - 7*j. Let p(o) = -3*o**2 + o + 1. Let f(d) = -6*p(d) - 2*t(d). Determine f(5).
-16
Let i(s) = 5*s**2 - 5*s + 14. Let j(f) = 11*f**2 - 11*f + 30. Let o(p) = -13*i(p) + 6*j(p). Suppose 2*u = 8 - 4. What is o(u)?
0
Let j(l) = -l**3 - 9*l**2 - 9. Let t be (-13)/((-130)/(-150))*9/15. Determine j(t).
-9
Let n be (-4)/(-1) + (1 - 2). Let u(j) = 2 - 3*j**2 - 6*j**3 + 2 + 7*j**n - 4*j + 0. Calculate u(4).
4
Let i(f) be the second derivative of -4*f**5/5 - f**3/6 - 46*f + 2. Calculate i(-1).
17
Let d = -516 - -506. Let r(x) = x**2 + 8*x - 13. Determine r(d).
7
Let g be ((-10)/(-6))/(5/6). Let q(o) = 2*o - 634 + 1263 - 631. What is q(g)?
2
Let v(f) = 7*f - 80. Let n be v(12). Let m(u) be the first derivative of 3/2*u**2 - 1/4*u**n + 0*u - 1 + 1/3*u**3. What is m(3)?
-9
Suppose -48 - 42 = 5*y. Let a = y + 17. Let x(g) = 4*g**2 + g - 3. Let k(t) = 9*t**2 + 2*t - 5. Let h(n) = -3*k(n) + 5*x(n). Calculate h(a).
-6
Let b(h) = h**2 - 12*h + 1. Let z(u) = -7*u**2 + 85*u - 37. Let f(p) = -6*b(p) - z(p). What is f(9)?
-5
Let x(l) = -l**3 + 9*l**2 + 10*l - 6. Suppose -26*h + 20*h = -60. Give x(h).
-6
Let j(g) be the first derivative of g**4/4 + 7*g**3/3 + 3*g**2 - 5. Let t = 3 + -9. Let p be j(t). Let m(w) = -w**2 - w - 3. What is m(p)?
-3
Let a(w) = -22*w + 29. Let c(g) = 3*g - 3. Let m(j) = a(j) + 8*c(j). What is m(-3)?
-1
Suppose 3*v + 0 - 12 = 4*z, 2*z + 12 = 3*v. Let o be (7 - 6)*v*1. Let x(k) = -125 + 125 - k. Determine x(o).
-4
Suppose 5*y = -4*g + 9, y - 2 = -3*g + 2*g. Let l be (9/(-6))/(y/2) + 8. Let z(b) = -b + 4. What is z(l)?
-1
Let r(m) = 7*m + 24. Let s(h) = -h + 5. Let o(k) = r(k) - 5*s(k). Calculate o(3).
35
Suppose 5*z + 7 = 4*g, -3*g = 5*z - 4*g - 2. Suppose -2*w - a - a + 6 = 0, -3*w + 5 = -a. Let n(j) = 4 - j**2 - 5 + 200*j**3 + w - 198*j**3. Give n(z).
2
Let o(z) = -9*z - 4. Suppose -6*y = 7*y - 78. Let c(q) = -26*q - 13. Let k(i) = y*c(i) - 17*o(i). Give k(-8).
14
Let y(z) = 0*z**2 - 10*z**2 + 8*z**2 - 6*z - 2. Determine y(-5).
-22
Let g(y) be the third derivative of y**5/30 + 11*y**4/24 + y**3/2 + 151*y**2 - 1. Calculate g(-8).
43
Let q = -61 - -33. Let w = -24 - q. Let j(g) = g**2 - 5*g + 3. Calculate j(w).
-1
Suppose 6*m + 6066 = 6030. Let j(z) = 2*z + 3. What is j(m)?
-9
Let u(q) = q - 21. Let f(d) = -3*d + 48. Let k(t) = -2*f(t) - 5*u(t). Calculate k(-7).
2
Let r(g) = -1 + g**3 + 1 - 5*g - 4 + 5*g**2 - 3*g**2. Suppose -5*m - 24 = -2*m. Let o = 5 + m. Determine r(o).
2
Let b(s) = -s + 2. Let m(d) = 2*d - 2. Let c(r) = -5*b(r) - 3*m(r). Let y = 7 - 11. What is c(y)?
0
Suppose l - k = 0, 5*l + 5*k - 624 = -654. Let m(f) = -7*f + 11. Let z(y) = 4*y - 6. Let w(d) = -3*m(d) - 5*z(d). Determine w(l).
-6
Let p(y) = -y + 0 + 2 - 1. Let q be (-10)/(-50) - (-8)/10. Let x(a) = 3*a**2. Let g be x(q). What is p(g)?
-2
Let f be (-8 - (4 - 2))*9/2. Let y = -43 - f. Let n(b) = -b**3 + 2*b**2 - 2*b + 2. Give n(y).
-2
Let z(y) = -32*y**3 + 7*y**2 - 7*y - 2. Let m(n) = 9*n**3 + n**2 - 3*n**2 + 7*n**3 + 1 - 2*n**2 + 4*n. Let r(b) = -5*m(b) - 3*z(b). Calculate r(-1).
-17
Suppose 3*s + 4*c - 17 = -1, -3*s + 2*c + 10 = 0. Let u(q) = -q - 4. Let j be u(s). Let t(n) = -n**3 - 9*n**2 - 7*n + 10. Give t(j).
2
Let l(g) = 3*g - 11. Let p(m) be the first derivative of m**2 - 7*m - 1. Let y(a) = -5*l(a) + 7*p(a). Let w be 7/((-7)/(-6)) + -1. Calculate y(w).
1
Let i(r) = 3*r**3 + 2*r**2 + 7*r - 3. Let s(u) = 4*u**3 + u**2 + 9*u - 4. Let z(m) = -6*i(m) + 5*s(m). Give z(3).
-2
Let g(s) be the first derivative of -s**2/2 + 4. Suppose 0 = 10*o - 0 - 20. Let w be 6 + -4 - -1 - 14/o. Calculate g(w).
4
Let u be 6 - ((1 + -21)/4 - -5). Let b(p) = p**2 - 5*p + 5. What is b(u)?
11
Let l(i) = -i + 21. Let p(m) = -m - 24. Let h(z) = 3*l(z) + 2*p(z). Calculate h(4).
-5
Let f(t) = -t - 13. Let y = -21 + 11. Let a(d) = -d**3 - 10*d**2 + d + 1. Let q be a(y). What is f(q)?
-4
Let j(r) = -r**2 - 6*r + 6. Suppose -5 = -2*p + p. Let g(k) = -3*k**2 - 12*k + 13. Let q(d) = p*j(d) - 2*g(d). Suppose 3*a = 2*a + 6. Calculate q(a).
4
Let o(k) be the third derivative of -k**6/20 - k**5/60 + k**4/24 + k**3/6 + 2*k**2. Let i be (24/(-18))/((-3)/9). Suppose 10*u = 6*u - i. Determine o(u).
5
Let b be 0 - (10/(-6) + 2/12). Let g(h) be the first derivative of -1/3*h**3 - 2 + 0*h - b*h**2. Calculate g(-3).
0
Suppose 2*n + 56 = 2*i + i, 0 = -n + 2. Let s be 2/9 + (-3504)/216. Let x = i + s. Let f(q) = -q**2 + 7*q - 6. What is f(x)?
6
Let h(g) = g**2 + 3*g - 37. Let n be h(5). Let z(a) be the first derivative of 4*a - a**2 + 1/4*a**4 - 4/3*a**n - 9. Give z(4).
-4
Let p(w) = 5*w - 2*w - 2*w**3 - 4 + 6*w**2 + w**3. Suppose -3*d + 12 = 0, -4*d + 32 = v + 3. Suppose 11 + v = 4*s. Give p(s).
14
Suppose -b - 4*b = -3*p + 35, -p - 3 = 2*b. Suppose -4*j - 7 - p = 0. Let s(q) = -2*q - 1. What is s(j)?
5
Let m(o) = -7*o - 23. Let p(n) = -11*n - 37. Let l(g) = 8*m(g) - 5*p(g). Suppose -111 = -4*d - 43. Suppose -5*f - 2 = -d. Give l(f).
-2
Suppose -5*r + 5 = -4*y, -3*y + 2 - 11 = -2*r. Let v(a) = a**3 + 3*a**2 - 4. Determine v(r).
-4
Let y(q) = 4 - 4 + 5*q + 0*q - 6*q. Let c be (-3)/(-6)*3*2. Suppose 4*x - 2 = 3*x - 4*j, c*j = 0. What is y(x)?
-2
Let c(h) = -7*h**3 - 1. Let k = 23 - 25. Let p(r) = -2*r - 5. Let l be p(k). Give c(l).
6
Let t(o) = o - 10. Let c(g) = g**2 + 8*g - 28. Let k(s) = -c(s) + 3*t(s). What is k(-4)?
2
Let h be -6*((-10)/25)/(4/5). Suppose 21*l + 8 = 23*l. Let x(u) = l + 2*u**2 - 6*u**2 - 4*u + 5*u**2. Determine x(h).
1
Let z(s) be the third derivative of s**5/60 - s**4/8 - 5*s**3/3 + 24*s**2. Let u(f) = 2*f**2 - 5*f - 21. Let h(b) = 6*u(b) - 13*z(b). What is h(6)?
22
Suppose j - 4*j = -39. Let x(o) = -18*o + 30*o + 1 - j*o - 6. Calculate x(0).
-5
Let h(p) be the first derivative of -p**2 - 4*p - 530. Calculate h(2).
-8
Let v(x) = x**3 - 3*x**2 + 3*x - 7. Let o be v(3). Let t(s) = 122*s - 2*s**2 + 3*s**o - 109*s + 16. Calculate t(-11).
-6
Suppose -3*c + 15 = -0*q + 4*q, 4*c = -3*q + 13. Let i(s) be the second derivative of 0*s**q + 1/6*s**4 - 1/20*s**5 + 3/2*s**2 + 0 - 3*s. Determine i(3).
-6
Let r(b) be the first derivative of 1/2*b**2 - 20 + 7*b. Give r(6).
13
Let n(i) = -i**3 - 7*i**2 - 6*i + 5. Let k be 2 + 1/(2/6). Let p = k - 3. Let y be ((-2)/4)/(p/24). Give n(y).
5
Let d(a) = a**2 - 8*a - 23. Suppose 11*x - 7*x - 47 = -3*w, w = 1. What is d(x)?
10
Let y = 42 - 21. Let b(h) = h**3 - 3 - 7*h - 10*h**2 - 16*h**2 + 0 + y*h**2. Give b(6).
-9
Let o(a) = -a**3 - 3*a**2 + 25*a + 79. Let x be o(-3). Let i(j) = j + 2 - 2 - 4. Determine i(x).
0
Let c(v) = v**2 + 8*v + 2. Suppose 2*g + 2*x + 4 = 0, 0 = 7*g - 6*g + 2*x - 3. What is c(g)?
-5
Let a(f) = -3*f - 3. Let w(h) = h**3 - 9*h**2 - 11*h + 7. Let k be w(10). Let g = k + 0. Let z be 2/(-6) + 8/g. Calculate a(z).
6
Let a(x) = 3967 + 3974 + x**3 - x**2 + 3970 - 11913. Let m = -4 - 0. Let o be (-2)/m + 2/(-4). What is a(o)?
-2
Let u be ((-2)/(-6))/((-48)/432). Let x(f) = 2*f**2 + 7. Let l(t) = -3*t**2 - t - 8. Let j(d) = -3*l(d) - 4*x(d). Give j(u).
-4
Let h(q) = q**3 - 5*q**2 - 8*q + 3. Suppose -13 = 3*r + 50. Let a = r - -27. What is h(a)?
-9
Let n(c) be the second derivative of -c**5/20 + 3*c**4/4 - 7*c**3/6 - 5*c**2 + 12*c - 1. Suppose 5*v + 26 = 186. Suppose 3*k + 8 = v. Calculate n(k).
-2
Let k(o) = 2*o + 1. Let h(s) = s**3 + 8*s**2 - 7*s + 10. Let w be h(-9). Let j = 9 + w. Determine k(j).
3
Let o be ((-8)/8)/((-1)/2). Let w(k) = o - 2*k - 9 + 16. What is w(6)?
-3
Let c = -1 - -1. Let b(w) = c + 3*w - 8 + 1. Let j(i) = 2*i**2 + 26*i + 5. Let l be j(-13). Calculate b(l).
8
Let f(y) = -y + 34. Let c = 59 - 30. Give f(c).
5
Let r(u) = -u**3 - 11*u**2 - 9*u + 1. Let p = 205 - 215. Give r(p).
-9
Let k(o) = o**2 - o**3 + 0*o + 5*o - 4*o. Let q = 340 - 337. Give k(q).
-15
Let q(x) be the second derivative of x**3/6 + 8*x**2 - 189*x. Calculate q(-7).
9
Let z(c) = -c**2 + 4*c - 11. Let a(v) = -v**2 + 3*v - 12. Let m(i) = -2*a(i) + 3*z(i). Let o(l) be the first derivative of m(l). What is o(4)?
-2
Let b(u) = -